4
What is -37 + 37 - -51 - 19?
32
What is the value of 39 + 2 + 34 + (-27 - -8)?
56
-85 - (-136 + -1) - (-1 + -3) - -6
62
Evaluate -1 - -2 - 1 - (101 - ((-24 - -14) + -3)).
-114
Evaluate (-768 - -774) + (0 - -2).
8
Evaluate (4 - (-15 - (9 + -47))) + (-3 - -8) + -2.
-16
-20 - -104 - 152 - (39 - 1)
-106
128 - (-69 + 157) - 51
-11
Calculate 53 - (-34 - (7 + -22) - -3 - (-12 + 1)).
58
What is (135 - 137 - ((-9 - -4) + 9)) + -9?
-15
Calculate 0 + -3 - (-1 + (12 - 23) + 9).
0
What is the value of -581 + 611 + 12 + 45?
87
4 + (1 - -6 - (1 - -28))
-18
What is -58 - (-18 - (-30 + -2 - -20))?
-52
1 + 13 + (-41 - -15) + -36 + 146
98
Evaluate (140 - 78) + -45 - (-10 - (0 - -2)).
29
(-12 - 7) + (2 - (-15 + 6) - 4)
-12
Calculate -71 + -24 + 11 + 38 + 1.
-45
What is 0 - -15 - (-77 + 72) - -19?
39
Evaluate -165 - (-117 + 55) - -71.
-32
What is the value of (-23 - 2) + 20 - (1 + 2) - (-73 - -86)?
-21
Evaluate 1 - 28 - -2 - ((-34 - 2) + 21 - -27).
-37
-63 - (0 + 6 + 2 - (19 - -88 - 102))
-66
(-8 - -6) + -9 + 22 + 18 + -4 + -20
5
What is the value of -35 - (-62 - -38) - (4 + -2 - 4 - -2)?
-11
What is the value of -14 - (-10 + 2 + -2 + (-1888 - -1898))?
-14
What is the value of 5 + -14 + 183 + -158 - 99?
-83
What is 70 - (-47 + -16 - -78)?
55
Evaluate -50 + (-12 - 51) + 86.
-27
What is the value of -14 + 69 + (-2 - (-3 - -21)) + 11?
46
Evaluate -177 + 314 + -140 + (1 - (0 + 2)) + 11.
7
Calculate -2 + -3 + (59 + 2 - (-61 - (24 - 84))).
57
Calculate 83 - (-37 - (80 - 144)).
56
What is (1 - 8 - (-28 + -2 + 0 - -20)) + -54?
-51
-84 + (85 - (90 + -97)) + (2 + -4 - 110)
-104
7 + -5 + (-48 - -39)
-7
Evaluate 0 + 14 - (-1 + 3) - (110 + -23 - 35).
-40
What is -7 + (-5 - (-18 - 3)) + -57?
-48
(-2780 - -2771) + -116 + -3
-128
What is (3 - 7) + -3 + (21 - (-1 + 21) - 3)?
-9
Evaluate 5 + 20 + -18 + -9 + 64.
62
(-1 - -32) + (187 - 84) + -100
34
Calculate 4435 - 4438 - (0 + -19).
16
Evaluate 14 + 21 + -91 + 34.
-22
Calculate 31 - 6 - 30 - -2 - -6.
3
Calculate 64 - (-31 - (-48 + -88)).
-41
What is (14 - (8 + -11 + -4)) + (-3 - -2) + -7?
13
What is the value of -1413 + 1395 + (21 - (0 + 1))?
2
Evaluate (1 - 8) + 7 + -6 + 13 + (9 - 20).
-4
What is (34 - (-3 - (-21 + 12))) + -57?
-29
Evaluate (-556 - -543) + 1 + 42.
30
What is -6 + (31 - ((-17 - -27) + (-12 - 1)))?
28
Calculate 25 - (11 - -44) - -8 - (-9 - -49).
-62
-82 + 60 + 10 - (2 + 17)
-31
What is -1 + 50 - (0 - -13 - (42 + -25 + -18))?
35
What is -32 - (21 + -9 - (53 + -25))?
-16
What is 12 + -52 + 26 + (0 - 1) - 10?
-25
Evaluate 14 - (154 + -61) - -7.
-72
Evaluate -16 - (-2 - 20 - (-6 + -1)) - (3 - 10).
6
31 + (34 - (91 + -15))
-11
Calculate -1 + (-1 - -12) + (15 - 20) + 5.
10
What is the value of -62 - (6 + -43 + 14)?
-39
What is the value of -31 - (-20 - (46 + -15))?
20
What is the value of 20 + -29 + -10 + 44?
25
What is the value of (-15 - -10 - 22) + (113 - 10)?
76
What is the value of 15 + 0 + 1 - (21829 - 21793)?
-20
-47 - (-4 - (3 - (7 + (-6 + -1 - -1))))
-41
What is 2 - ((11 - (73 - 7)) + (-9 - (-17 - -5)))?
54
54 + -2 + (33 - 87)
-2
What is -2 + -2 + -15 + 10 - (-1 + (-5 - 34))?
31
What is (37 - (1 - (-1 - 8))) + (7 - -1)?
35
Calculate 23 - (-64 - (-144 + 43)).
-14
Evaluate 4 + -91 + 54 + 53.
20
10 - -7 - 3 - (35 + 7 + 10)
-38
What is -19 + 29 + (-13 - -41)?
38
What is the value of -6 + -1 - (-5 + 0 - (-11 + 5))?
-8
Calculate -2 + -55 - (-13 - -10 - -11) - -11.
-54
What is -9 - (-15 + 6 - 7) - (-3 + 50 - -2)?
-42
Calculate 10 - (13 - ((-4 - 1) + 27 + (-79 - -49))).
-11
Evaluate (2927 - 2960) + (-52 - -1).
-84
Calculate 20 - 14 - -9 - (-3 - -8) - 7.
3
Evaluate (91 - 98) + 71 + -18 + -1 + 2.
47
What is (9 - 8) + (-51 - -37) + -23?
-36
Calculate 124 + -134 + (2 + 6 - 23).
-25
Calculate -34 + -2 - 1 - (-11 + 22 + -3) - -1.
-44
What is -26 + 30 - (-9 - -5) - (18 + 5) - -1?
-14
Evaluate -97 + 81 + -126 + 190.
48
What is the value of 505 + -511 - (-6 - (15 - -7))?
22
(2 - 76 - -4) + (-3 + 11 - (-26 + 33))
-69
Evaluate -27 + -24 - -34 - 13.
-30
Evaluate -10 - ((-46 - -3) + -6).
39
What is -9 - ((-3 - (-10 + (10 - 11 - 2))) + -6)?
-13
What is -9 + 125 + (5 - 0) - (-70 - (74 - 136))?
129
(-51 - -3) + (-104 + 85 - 62)
-129
Calculate -1 + 59 + -14 + 31 + -32 + -3 + 7.
47
What is 20 - (-21 + 25) - 19 - -75?
72
3 + (-6 - 3) - (-98 - -4)
88
What is 11 - -3 - (19 - (45 - (0 + 13)))?
27
2 + 0 + (-5 + -12 - -20) + (69 - 38)
36
What is 14 + -2 + (-8 - 2) - (-3 - (-29 - 5))?
-29
Calculate 10 + (1 + 86 - 53) + (9 - 0).
53
Evaluate -4 - -10 - (21 + -9 + -13).
7
Calculate 593 - 480 - (105 + 0).
8
What is 52 + (1 - (-9 - (-9 - -10) - (0 + 0)))?
63
What is 37 + 3 - (989 + -889)?
-60
What is 59 - (40 - (88 - 10))?
97
What is the value of -107 + -9 + (9 + 1 + -2 - (-550 + 542))?
-100
What is -7 - (21 + (7 - 13) + -105)?
83
What is the value of (-30 + 22 - -34 - 15) + (98 - 1)?
108
What is the value of 17 + 24 + -15 + -6 + -10?
10
What is (-56 - -2) + 42 + -30 + -13 + -2 + 10?
-47
-4 - (9 + (8 - (4 + 1)) + 13 + -6)
-23
What is -22 + (-9 - -3) + -53 + 24?
-57
What is (51 - (0 + -6 - -9)) + (-38 - -38)?
48
What is (-60 - -51) + (-58 - (4 + -3) - (11 - 11))?
-68
What is the value of 49 + 1 + (-2 + 8 - (40 + -30 + -8))?
54
Evaluate 67 + (3 - (1 - 0 - 11)) + -165 + 148.
63
Calculate (9 - -23 - (10 - 3)) + (-13 - 1).
11
Calculate (-19 + 7 - (0 + -8)) + 4 + (2 - 1).
1
Calculate -25 - 0 - (23 + -1) - (2 - 4).
-45
What is the value of -3 - (17 - (0 - 0) - (-708 + 712))?
-16
What is the value of (4 - -11 - (183 - 197)) + -11?
18
What is the value of (1 + -1 - -8) + (-23866 - -23878)?
20
What is the value of -43 - ((47 - -23) + -48)?
-65
What is the value of (-7 - -160) + (404 - 456)?
101
Calculate (-32 - 5) + (-50 + 21 - -60).
-6
-3 - (1635 + -1645 - (50 + 0 + 0))
57
What is the value of 44 + 1 - 21 - -18?
42
What is -97 - (-98 - (-236 - -118))?
-117
Calculate 16 + (46 - 127 - -36).
-29
Evaluate 46 - (-21 + -5 + 11 + (-24 - -35)).
50
What is -150 - (-145 + 90 + 22)?
-117
(2 - 2) + -16 - (-176 - -85 - -36)
39
Evaluate -27 - (61 + -87) - (26 + -2).
-25
4 + -29 - (-100 - 1) - 26 - (1 + 12)
37
What is the value of -3 - (-9 - (0 + -23 + 53))?
36
Evaluate 118 + (-12 + 12 + -4 - (-27 + 40)).
101
What is the value of 45 - (76 - 216 - -115)?
70
What is the value of 24 - ((-15 - (-15 - -1)) + -16)?
41
What is the value of 16 - 4 - -7 - (-621 - -626)?
14
What is the value of -24 + 26 - ((-1 - 1) + -32 + 16) - 4?
16
What is the value of (0 - (1 - 0)) + 58114 + -58144?
-31
Calculate -12 - 6 - (-11 - (-1 + 1)).
-7
Calculate (0 - -4) + (-247 - -198) + 19.
-26
Evaluate 0 - -19 - 10 - 23 - 12.
-26
What is (5 - -30) + 9 + -13 + -3 + 11?
39
What is the value of (4 - -23) + (239 - 222) + -130?
-86
Evaluate -1925 + 1933 + 1 + -24.
-15
What is -28 - -4 - (-100 - (-59 - -34))?
51
Evaluate 1754 + -1713 - (2 + -16).
55
What is the value of 7 + -8 + -39 + 17 + -17?
-40
(46 + 6 + -83 - -46) + -88 + -5
-78
Evaluate 3 + 0 + 1 - (-121 + (141 - 31)).
15
Calculate (-8 - (1 + 2 + 5)) + 51 + -102.
-67
What is -74 + -1 + (33 - -22)?
-20
Evaluate 37 + (25 + -11 - 39) + 20.
32
-40 + -6 + 3 - ((-10 - 7) + 6)
-32
What is the value of (-27 - -62) + -27 + 2 + (-6 - 3) + -6?
-5
What is the value of 49 + (-188 - -33) - (-22 - (-2 - 3))?
-89
33 - (-3 - (-15 - ((-1 - 0) + -13)))
35
What is the value of 2 - 40 - (-18 + 19 - (-1 + -5 + -1))?
-46
Evaluate (-49 - -26) + -78 + (-1 - -9) + 5.
-88
What is the value of (-11 - (-1 + -6) - -15) + 4 - (52 + -47)?
10
-39 + 60 + -24 - (-44 - -3)
38
132 + (-127 - -206) + -137
74
What is (557 - 493) + (-92 - 1)?
-29
Calculate -84 + -2 - (7 + (27 - (15 - -34))).
-71
Calculate 1 - ((-1 - 8) + (180 - 175)).
5
Calculate (-49 - (-22 - 15 - -20)) + (8 - 0).
-24
Calculate -29 + -15 + 17 + (17 - 5).
-15
What is (-18 - (-5 + 6 - 17)) + -8 - -52?
42
Evaluate 7 - 15 - ((27 - -7) + 36 + -24).
-54
Calculate -4 - ((-1 - (30 - 14)) + -24 + -18).
55
31 + (18 - (5 + (1 - -8)))
35
Evaluate 95 + 78 + 10 + -296.
-113
What is -29 - (157 + -175 + 79)?
-90
(-2 - (-65 + 62)) + 22
23
What is the value of (12 - (6 + (-3 - 2) - -20)) + 2?
-7
What is the value of (-54 + 3 - (8 - 10)) + (0 - (-5 + 2))?
-46
What is -117 - (53 - 314) - 207?
-63
What is the value of (8 - (-7 - 16)) + 14?
45
Calculate 63 - ((-6 - -2) + (0 - -6) + 7 + -6).
60
Evaluate (0 - 15) + (22 + -139 - -170).
38
What